CRAN Package Check Results for Package msce

Last updated on 2024-06-25 00:58:08 CEST.

Flavor Version Tinstall Tcheck Ttotal Status Flags
r-devel-linux-x86_64-debian-clang 1.0.1 35.95 39.84 75.79 NOTE
r-devel-linux-x86_64-debian-gcc 1.0.1 22.84 33.28 56.12 NOTE
r-devel-linux-x86_64-fedora-clang 1.0.1 111.09 NOTE
r-devel-linux-x86_64-fedora-gcc 1.0.1 123.80 NOTE
r-devel-windows-x86_64 1.0.1 28.00 72.00 100.00 NOTE
r-patched-linux-x86_64 1.0.1 27.33 36.96 64.29 NOTE
r-release-linux-x86_64 1.0.1 28.20 38.37 66.57 NOTE
r-release-macos-arm64 1.0.1 32.00 NOTE
r-release-macos-x86_64 1.0.1 58.00 NOTE
r-release-windows-x86_64 1.0.1 31.00 73.00 104.00 NOTE
r-oldrel-macos-arm64 1.0.1 36.00 NOTE
r-oldrel-macos-x86_64 1.0.1 64.00 NOTE
r-oldrel-windows-x86_64 1.0.1 31.00 82.00 113.00 NOTE

Check Details

Version: 1.0.1
Check: C++ specification
Result: NOTE Specified C++11: please drop specification unless essential Flavors: r-devel-linux-x86_64-debian-clang, r-devel-linux-x86_64-debian-gcc, r-devel-linux-x86_64-fedora-clang, r-devel-linux-x86_64-fedora-gcc, r-devel-windows-x86_64, r-patched-linux-x86_64, r-release-linux-x86_64, r-release-macos-arm64, r-release-macos-x86_64, r-release-windows-x86_64, r-oldrel-macos-arm64, r-oldrel-macos-x86_64, r-oldrel-windows-x86_64