CRAN Package Check Results for Package mritc

Last updated on 2021-12-04 23:50:38 CET.

Flavor Version Tinstall Tcheck Ttotal Status Flags
r-devel-linux-x86_64-debian-clang 0.5-2 10.16 78.60 88.76 NOTE
r-devel-linux-x86_64-debian-gcc 0.5-2 7.43 61.70 69.13 NOTE
r-devel-linux-x86_64-fedora-clang 0.5-2 112.85 NOTE
r-devel-linux-x86_64-fedora-gcc 0.5-2 100.53 NOTE
r-devel-windows-x86_64-new-UL 0.5-2 27.00 131.00 158.00 NOTE
r-devel-windows-x86_64-new-TK 0.5-2 NOTE
r-devel-windows-x86_64-old 0.5-2 19.00 75.00 94.00 NOTE
r-patched-linux-x86_64 0.5-2 10.07 68.73 78.80 NOTE
r-release-linux-x86_64 0.5-2 9.78 68.15 77.93 NOTE
r-release-windows-ix86+x86_64 0.5-2 30.00 132.00 162.00 NOTE
r-oldrel-windows-ix86+x86_64 0.5-2 32.00 131.00 163.00 OK

Additional issues

rchk

Check Details

Version: 0.5-2
Check: LazyData
Result: NOTE
     'LazyData' is specified without a 'data' directory
Flavors: r-devel-linux-x86_64-debian-clang, r-devel-linux-x86_64-debian-gcc, r-devel-linux-x86_64-fedora-clang, r-devel-linux-x86_64-fedora-gcc, r-devel-windows-x86_64-new-UL, r-devel-windows-x86_64-new-TK, r-devel-windows-x86_64-old, r-patched-linux-x86_64, r-release-linux-x86_64, r-release-windows-ix86+x86_64