CRAN Package Check Results for Package mrds

Last updated on 2024-06-14 00:53:50 CEST.

Flavor Version Tinstall Tcheck Ttotal Status Flags
r-devel-linux-x86_64-debian-clang 2.3.0 20.09 148.84 168.93 OK
r-devel-linux-x86_64-debian-gcc 2.3.0 0.51 1.76 2.27 ERROR
r-devel-linux-x86_64-fedora-clang 2.3.0 207.73 OK
r-devel-linux-x86_64-fedora-gcc 2.3.0 193.25 OK
r-devel-windows-x86_64 2.3.0 17.00 128.00 145.00 OK
r-patched-linux-x86_64 2.3.0 20.89 140.90 161.79 OK
r-release-linux-x86_64 2.3.0 13.11 138.98 152.09 OK
r-release-macos-arm64 2.3.0 53.00 OK
r-release-macos-x86_64 2.3.0 82.00 OK
r-release-windows-x86_64 2.3.0 17.00 133.00 150.00 OK
r-oldrel-macos-arm64 2.3.0 59.00 OK
r-oldrel-macos-x86_64 2.3.0 115.00 OK
r-oldrel-windows-x86_64 2.3.0 25.00 157.00 182.00 OK

Check Details

Version: 2.3.0
Check: package dependencies
Result: ERROR Package required but not available: ‘optimx’ Package suggested but not available for checking: ‘testthat’ See section ‘The DESCRIPTION file’ in the ‘Writing R Extensions’ manual. Flavor: r-devel-linux-x86_64-debian-gcc