CRAN Package Check Results for Package mplot

Last updated on 2021-06-22 23:50:39 CEST.

Flavor Version Tinstall Tcheck Ttotal Status Flags
r-devel-linux-x86_64-debian-clang 1.0.4 9.36 80.77 90.13 OK
r-devel-linux-x86_64-debian-gcc 1.0.4 6.09 59.16 65.25 OK
r-devel-linux-x86_64-fedora-clang 1.0.4 110.37 OK
r-devel-linux-x86_64-fedora-gcc 1.0.4 99.54 OK
r-devel-windows-x86_64 1.0.4 12.00 81.00 93.00 OK
r-devel-windows-x86_64-gcc10-UCRT 1.0.4 NOTE
r-patched-linux-x86_64 1.0.4 7.28 76.87 84.15 OK
r-patched-solaris-x86 1.0.4 152.80 OK
r-release-linux-x86_64 1.0.4 6.43 76.20 82.63 OK
r-release-macos-arm64 1.0.4 OK
r-release-macos-x86_64 1.0.4 OK
r-release-windows-ix86+x86_64 1.0.4 16.00 76.00 92.00 OK
r-oldrel-macos-x86_64 1.0.4 OK

Check Details

Version: 1.0.4
Check: package dependencies
Result: NOTE
    Package suggested but not available for checking: 'mvoutlier'
Flavor: r-devel-windows-x86_64-gcc10-UCRT