CRAN Package Check Results for Package motif

Last updated on 2021-10-19 23:53:02 CEST.

Flavor Version Tinstall Tcheck Ttotal Status Flags
r-devel-linux-x86_64-debian-clang 0.5.0 93.30 155.19 248.49 OK
r-devel-linux-x86_64-debian-gcc 0.5.0 70.66 116.42 187.08 OK
r-devel-linux-x86_64-fedora-clang 0.5.0 344.65 NOTE
r-devel-linux-x86_64-fedora-gcc 0.5.0 310.71 OK
r-devel-windows-x86_64 0.5.0 125.00 209.00 334.00 OK
r-devel-windows-x86_64-gcc10-UCRT 0.5.0 OK
r-patched-linux-x86_64 0.5.0 86.95 144.33 231.28 OK
r-patched-solaris-x86 0.5.0 277.90 OK
r-release-linux-x86_64 0.5.0 87.20 148.98 236.18 OK
r-release-macos-arm64 0.5.0 NOTE
r-release-macos-x86_64 0.5.0 NOTE
r-release-windows-ix86+x86_64 0.5.0 223.00 313.00 536.00 NOTE
r-oldrel-macos-x86_64 0.5.0 NOTE
r-oldrel-windows-ix86+x86_64 0.5.0 245.00 306.00 551.00 NOTE

Check Details

Version: 0.5.0
Check: installed package size
Result: NOTE
     installed size is 6.0Mb
     sub-directories of 1Mb or more:
     libs 2.7Mb
     raster 2.2Mb
Flavors: r-devel-linux-x86_64-fedora-clang, r-release-macos-arm64, r-release-macos-x86_64, r-release-windows-ix86+x86_64, r-oldrel-macos-x86_64, r-oldrel-windows-ix86+x86_64