CRAN Package Check Results for Package motif

Last updated on 2022-09-27 23:55:39 CEST.

Flavor Version Tinstall Tcheck Ttotal Status Flags
r-devel-linux-x86_64-debian-clang 0.5.2 99.83 140.75 240.58 OK
r-devel-linux-x86_64-debian-gcc 0.5.2 78.62 102.35 180.97 OK
r-devel-linux-x86_64-fedora-clang 0.5.2 341.32 OK
r-devel-linux-x86_64-fedora-gcc 0.5.2 304.48 OK
r-devel-windows-x86_64 0.5.2 99.00 202.00 301.00 OK
r-patched-linux-x86_64 0.5.2 86.05 136.00 222.05 OK
r-release-linux-x86_64 0.5.2 76.60 132.77 209.37 OK
r-release-macos-arm64 0.5.2 87.00 NOTE
r-release-macos-x86_64 0.5.2 115.00 NOTE
r-release-windows-x86_64 0.5.2 91.00 194.00 285.00 OK
r-oldrel-macos-arm64 0.5.2 91.00 NOTE
r-oldrel-macos-x86_64 0.5.2 114.00 NOTE
r-oldrel-windows-ix86+x86_64 0.5.2 250.00 266.00 516.00 NOTE

Check Details

Version: 0.5.2
Check: installed package size
Result: NOTE
     installed size is 6.4Mb
     sub-directories of 1Mb or more:
     libs 3.2Mb
     raster 2.2Mb
Flavors: r-release-macos-arm64, r-release-macos-x86_64, r-oldrel-macos-arm64, r-oldrel-macos-x86_64, r-oldrel-windows-ix86+x86_64