Last updated on 2023-02-06 23:55:51 CET.
Flavor | Version | Tinstall | Tcheck | Ttotal | Status | Flags |
---|---|---|---|---|---|---|
r-devel-linux-x86_64-debian-clang | 3.0.6 | 32.65 | 111.72 | 144.37 | NOTE | |
r-devel-linux-x86_64-debian-gcc | 3.0.6 | 21.13 | 79.07 | 100.20 | NOTE | |
r-devel-linux-x86_64-fedora-clang | 3.0.6 | 180.85 | NOTE | |||
r-devel-linux-x86_64-fedora-gcc | 3.0.6 | 168.65 | NOTE | |||
r-devel-windows-x86_64 | 3.0.6 | 40.00 | 172.00 | 212.00 | NOTE | |
r-patched-linux-x86_64 | 3.0.6 | 25.01 | 104.17 | 129.18 | OK | |
r-release-linux-x86_64 | 3.0.6 | 24.40 | 104.19 | 128.59 | OK | |
r-release-macos-arm64 | 3.0.6 | 45.00 | OK | |||
r-release-macos-x86_64 | 3.0.6 | 65.00 | OK | |||
r-release-windows-x86_64 | 3.0.6 | 48.00 | 170.00 | 218.00 | OK | |
r-oldrel-macos-arm64 | 3.0.6 | 54.00 | OK | |||
r-oldrel-macos-x86_64 | 3.0.6 | 100.00 | OK | |||
r-oldrel-windows-ix86+x86_64 | 3.0.6 | 64.00 | 183.00 | 247.00 | OK |
Version: 3.0.6
Check: C++ specification
Result: NOTE
Specified C++11: please update to current default of C++17
Flavors: r-devel-linux-x86_64-debian-clang, r-devel-linux-x86_64-debian-gcc, r-devel-linux-x86_64-fedora-clang, r-devel-linux-x86_64-fedora-gcc, r-devel-windows-x86_64