CRAN Package Check Results for Package moduleColor

Last updated on 2022-01-23 23:50:23 CET.

Flavor Version Tinstall Tcheck Ttotal Status Flags
r-devel-linux-x86_64-debian-clang 1.08-3 2.22 36.56 38.78 NOTE
r-devel-linux-x86_64-debian-gcc 1.08-3 2.41 30.32 32.73 NOTE
r-devel-linux-x86_64-fedora-clang 1.08-3 48.72 NOTE
r-devel-linux-x86_64-fedora-gcc 1.08-3 36.25 NOTE
r-devel-windows-x86_64-new-UL 1.08-3 50.00 54.00 104.00 NOTE
r-devel-windows-x86_64-new-TK 1.08-3 NOTE
r-patched-linux-x86_64 1.08-3 2.95 34.40 37.35 NOTE
r-release-linux-x86_64 1.08-3 2.45 34.71 37.16 NOTE
r-release-macos-arm64 1.08-3 NOTE
r-release-macos-x86_64 1.08-3 NOTE
r-release-windows-ix86+x86_64 1.08-3 6.00 37.00 43.00 NOTE
r-oldrel-macos-x86_64 1.08-3 NOTE
r-oldrel-windows-ix86+x86_64 1.08-3 6.00 35.00 41.00 NOTE

Check Details

Version: 1.08-3
Check: R code for possible problems
Result: NOTE
    .clustOrder: no visible global function definition for 'hclust'
    .clustOrder: no visible global function definition for 'as.dist'
    consensusMEDissimilarity: no visible global function definition for
     'cor'
    mergeCloseModules: no visible global function definition for 'cor'
    mergeCloseModules: no visible global function definition for 'hclust'
    mergeCloseModules: no visible global function definition for 'as.dist'
    moduleEigengenes: no visible global function definition for 'cor'
    moduleEigengenes: no visible global function definition for 'cov'
    moduleNumber: no visible global function definition for 'cutree'
    orderMEs: no visible global function definition for 'cor'
    orderMEs: no visible global function definition for 'as.dist'
    plotHclustColors: no visible global function definition for 'barplot'
    plotHclustColors: no visible global function definition for 'strwidth'
    plotHclustColors: no visible global function definition for 'rect'
    plotHclustColors: no visible global function definition for 'text'
    plotHclustColors: no visible global function definition for 'lines'
    Undefined global functions or variables:
     as.dist barplot cor cov cutree hclust lines rect strwidth text
    Consider adding
     importFrom("graphics", "barplot", "lines", "rect", "strwidth", "text")
     importFrom("stats", "as.dist", "cor", "cov", "cutree", "hclust")
    to your NAMESPACE file.
Flavors: r-devel-linux-x86_64-debian-clang, r-devel-linux-x86_64-debian-gcc, r-devel-linux-x86_64-fedora-clang, r-devel-linux-x86_64-fedora-gcc, r-devel-windows-x86_64-new-UL, r-devel-windows-x86_64-new-TK, r-patched-linux-x86_64, r-release-linux-x86_64, r-release-macos-arm64, r-release-macos-x86_64, r-release-windows-ix86+x86_64, r-oldrel-macos-x86_64, r-oldrel-windows-ix86+x86_64