CRAN Package Check Results for Package modeltime.resample

Last updated on 2024-06-14 00:53:49 CEST.

Flavor Version Tinstall Tcheck Ttotal Status Flags
r-devel-linux-x86_64-debian-clang 0.2.3 26.82 190.36 217.18 OK
r-devel-linux-x86_64-debian-gcc 0.2.3 1.83 1.95 3.78 ERROR
r-devel-linux-x86_64-fedora-clang 0.2.3 413.91 NOTE
r-devel-linux-x86_64-fedora-gcc 0.2.3 409.40 NOTE
r-devel-windows-x86_64 0.2.3 23.00 206.00 229.00 OK
r-patched-linux-x86_64 0.2.3 22.38 292.33 314.71 OK
r-release-linux-x86_64 0.2.3 27.57 195.01 222.58 OK
r-release-macos-arm64 0.2.3 137.00 OK
r-release-macos-x86_64 0.2.3 203.00 OK
r-release-windows-x86_64 0.2.3 24.00 212.00 236.00 OK
r-oldrel-macos-arm64 0.2.3 86.00 OK
r-oldrel-macos-x86_64 0.2.3 263.00 OK
r-oldrel-windows-x86_64 0.2.3 31.00 292.00 323.00 OK

Check Details

Version: 0.2.3
Check: package dependencies
Result: ERROR Packages required but not available: 'modeltime', 'tune', 'rsample', 'workflows', 'parsnip', 'recipes', 'dials', 'yardstick', 'timetk', 'tibble', 'dplyr', 'tidyr', 'purrr', 'forcats', 'stringr', 'ggplot2', 'plotly', 'hardhat' Packages suggested but not available for checking: 'roxygen2', 'testthat', 'tidymodels', 'tidyverse', 'tidyquant', 'lubridate' See section ‘The DESCRIPTION file’ in the ‘Writing R Extensions’ manual. Flavor: r-devel-linux-x86_64-debian-gcc

Version: 0.2.3
Check: package dependencies
Result: NOTE Imports includes 24 non-default packages. Importing from so many packages makes the package vulnerable to any of them becoming unavailable. Move as many as possible to Suggests and use conditionally. Flavor: r-devel-linux-x86_64-fedora-clang

Version: 0.2.3
Check: dependencies in R code
Result: NOTE Namespaces in Imports field not imported from: ‘crayon’ ‘dials’ ‘glue’ ‘parsnip’ All declared Imports should be used. Flavors: r-devel-linux-x86_64-fedora-clang, r-devel-linux-x86_64-fedora-gcc