Last updated on 2023-10-03 01:04:57 CEST.
Flavor | Version | Tinstall | Tcheck | Ttotal | Status | Flags |
---|---|---|---|---|---|---|
r-devel-linux-x86_64-debian-clang | 0.1.11 | 5.71 | 55.54 | 61.25 | OK | |
r-devel-linux-x86_64-debian-gcc | 0.1.11 | 4.25 | 41.97 | 46.22 | OK | |
r-devel-linux-x86_64-fedora-clang | 0.1.11 | 76.83 | NOTE | |||
r-devel-linux-x86_64-fedora-gcc | 0.1.11 | 72.55 | OK | |||
r-devel-windows-x86_64 | 0.1.11 | 7.00 | 62.00 | 69.00 | OK | |
r-patched-linux-x86_64 | 0.1.11 | 3.69 | 52.78 | 56.47 | OK | |
r-release-linux-x86_64 | 0.1.11 | 4.19 | 52.98 | 57.17 | OK | |
r-release-macos-arm64 | 0.1.11 | 30.00 | OK | |||
r-release-macos-x86_64 | 0.1.11 | 39.00 | OK | |||
r-release-windows-x86_64 | 0.1.11 | 10.00 | 72.00 | 82.00 | OK | |
r-oldrel-macos-arm64 | 0.1.11 | 26.00 | OK | |||
r-oldrel-macos-x86_64 | 0.1.11 | 36.00 | OK | |||
r-oldrel-windows-x86_64 | 0.1.11 | 9.00 | 74.00 | 83.00 | OK |
Version: 0.1.11
Check: Rd cross-references
Result: NOTE
Undeclared packages ‘lme4’, ‘rstanarm’, ‘dplyr’ in Rd xrefs
Flavor: r-devel-linux-x86_64-fedora-clang