CRAN Package Check Results for Package mmapcharr

Last updated on 2022-01-21 23:48:52 CET.

Flavor Version Tinstall Tcheck Ttotal Status Flags
r-devel-linux-x86_64-debian-clang 0.3.0 33.05 37.43 70.48 NOTE
r-devel-linux-x86_64-debian-gcc 0.3.0 24.31 29.73 54.04 NOTE
r-devel-linux-x86_64-fedora-clang 0.3.0 105.70 NOTE
r-devel-linux-x86_64-fedora-gcc 0.3.0 86.43 NOTE
r-devel-windows-x86_64-new-UL 0.3.0 81.00 80.00 161.00 NOTE
r-devel-windows-x86_64-new-TK 0.3.0 NOTE
r-patched-linux-x86_64 0.3.0 28.05 36.65 64.70 NOTE
r-release-linux-x86_64 0.3.0 28.80 37.29 66.09 NOTE
r-release-macos-arm64 0.3.0 NOTE
r-release-macos-x86_64 0.3.0 NOTE
r-release-windows-ix86+x86_64 0.3.0 108.00 84.00 192.00 NOTE
r-oldrel-macos-x86_64 0.3.0 OK
r-oldrel-windows-ix86+x86_64 0.3.0 105.00 74.00 179.00 OK

Check Details

Version: 0.3.0
Check: LazyData
Result: NOTE
     'LazyData' is specified without a 'data' directory
Flavors: r-devel-linux-x86_64-debian-clang, r-devel-linux-x86_64-debian-gcc, r-devel-linux-x86_64-fedora-clang, r-devel-linux-x86_64-fedora-gcc, r-devel-windows-x86_64-new-UL, r-devel-windows-x86_64-new-TK, r-patched-linux-x86_64, r-release-linux-x86_64, r-release-macos-arm64, r-release-macos-x86_64, r-release-windows-ix86+x86_64