CRAN Package Check Results for Package mmapcharr

Last updated on 2024-06-14 00:53:49 CEST.

Flavor Version Tinstall Tcheck Ttotal Status Flags
r-devel-linux-x86_64-debian-clang 0.3.0 42.68 31.48 74.16 NOTE
r-devel-linux-x86_64-debian-gcc 0.3.0 25.74 22.70 48.44 ERROR
r-devel-linux-x86_64-fedora-clang 0.3.0 103.04 NOTE
r-devel-linux-x86_64-fedora-gcc 0.3.0 102.44 NOTE
r-devel-windows-x86_64 0.3.0 39.00 61.00 100.00 NOTE
r-patched-linux-x86_64 0.3.0 30.62 31.07 61.69 NOTE
r-release-linux-x86_64 0.3.0 29.44 31.14 60.58 NOTE
r-release-macos-arm64 0.3.0 26.00 NOTE
r-release-macos-x86_64 0.3.0 35.00 NOTE
r-release-windows-x86_64 0.3.0 38.00 63.00 101.00 NOTE
r-oldrel-macos-arm64 0.3.0 29.00 NOTE
r-oldrel-macos-x86_64 0.3.0 45.00 NOTE
r-oldrel-windows-x86_64 0.3.0 47.00 76.00 123.00 NOTE

Check Details

Version: 0.3.0
Check: C++ specification
Result: NOTE Specified C++11: please drop specification unless essential Flavors: r-devel-linux-x86_64-debian-clang, r-devel-linux-x86_64-debian-gcc, r-devel-linux-x86_64-fedora-clang, r-devel-linux-x86_64-fedora-gcc, r-devel-windows-x86_64, r-patched-linux-x86_64, r-release-linux-x86_64, r-release-macos-arm64, r-release-macos-x86_64, r-release-windows-x86_64, r-oldrel-macos-arm64, r-oldrel-macos-x86_64, r-oldrel-windows-x86_64

Version: 0.3.0
Check: LazyData
Result: NOTE 'LazyData' is specified without a 'data' directory Flavors: r-devel-linux-x86_64-debian-clang, r-devel-linux-x86_64-debian-gcc, r-devel-linux-x86_64-fedora-clang, r-devel-linux-x86_64-fedora-gcc, r-devel-windows-x86_64, r-patched-linux-x86_64, r-release-linux-x86_64, r-release-macos-arm64, r-release-macos-x86_64, r-release-windows-x86_64, r-oldrel-macos-arm64, r-oldrel-macos-x86_64, r-oldrel-windows-x86_64

Version: 0.3.0
Check: package dependencies
Result: NOTE Package suggested but not available for checking: ‘testthat’ Flavor: r-devel-linux-x86_64-debian-gcc

Version: 0.3.0
Check: tests
Result: ERROR Running ‘testthat.R’ [0s/1s] Running the tests in ‘tests/testthat.R’ failed. Complete output: > library(testthat) Error in library(testthat) : there is no package called 'testthat' Execution halted Flavor: r-devel-linux-x86_64-debian-gcc