CRAN Package Check Results for Package mma

Last updated on 2021-09-24 23:53:54 CEST.

Flavor Version Tinstall Tcheck Ttotal Status Flags
r-devel-linux-x86_64-debian-clang 10.5-0 27.60 217.97 245.57 OK
r-devel-linux-x86_64-debian-gcc 10.5-0 23.57 159.06 182.63 OK
r-devel-linux-x86_64-fedora-clang 10.5-0 301.52 NOTE
r-devel-linux-x86_64-fedora-gcc 10.5-0 285.85 NOTE
r-devel-windows-x86_64 10.5-0 28.00 189.00 217.00 OK
r-devel-windows-x86_64-gcc10-UCRT 10.5-0 NOTE
r-patched-linux-x86_64 10.5-0 25.45 207.31 232.76 OK
r-patched-solaris-x86 10.5-0 372.10 NOTE
r-release-linux-x86_64 10.5-0 25.86 209.92 235.78 OK
r-release-macos-arm64 10.5-0 NOTE
r-release-macos-x86_64 10.5-0 NOTE
r-release-windows-ix86+x86_64 10.5-0 54.00 177.00 231.00 OK
r-oldrel-macos-x86_64 10.5-0 NOTE
r-oldrel-windows-ix86+x86_64 10.5-0 36.00 176.00 212.00 OK

Check Details

Version: 10.5-0
Check: dependencies in R code
Result: NOTE
    Namespace in Imports field not imported from: ‘plotrix’
     All declared Imports should be used.
Flavors: r-devel-linux-x86_64-fedora-clang, r-devel-linux-x86_64-fedora-gcc, r-devel-windows-x86_64-gcc10-UCRT, r-patched-solaris-x86, r-release-macos-arm64, r-release-macos-x86_64, r-oldrel-macos-x86_64