CRAN Package Check Results for Package mlr3verse

Last updated on 2024-06-13 00:55:23 CEST.

Flavor Version Tinstall Tcheck Ttotal Status Flags
r-devel-linux-x86_64-debian-clang 0.2.8 15.39 129.67 145.06 OK
r-devel-linux-x86_64-debian-gcc 0.2.8 0.38 1.77 2.15 ERROR
r-devel-linux-x86_64-fedora-clang 0.2.8 177.61 OK
r-devel-linux-x86_64-fedora-gcc 0.2.8 168.70 OK
r-devel-windows-x86_64 0.2.8 12.00 104.00 116.00 OK
r-patched-linux-x86_64 0.2.8 19.46 123.57 143.03 OK
r-release-linux-x86_64 0.2.8 8.18 125.16 133.34 OK
r-release-macos-arm64 0.2.8 55.00 OK
r-release-macos-x86_64 0.2.8 81.00 OK
r-release-windows-x86_64 0.2.8 15.00 104.00 119.00 OK
r-oldrel-macos-arm64 0.2.8 51.00 OK
r-oldrel-macos-x86_64 0.2.8 94.00 OK
r-oldrel-windows-x86_64 0.2.8 17.00 128.00 145.00 OK

Check Details

Version: 0.2.8
Check: package dependencies
Result: ERROR Package required but not available: ‘mlr3viz’ See section ‘The DESCRIPTION file’ in the ‘Writing R Extensions’ manual. Flavor: r-devel-linux-x86_64-debian-gcc