CRAN Package Check Results for Package mlr3resampling

Last updated on 2024-06-14 00:53:49 CEST.

Flavor Version Tinstall Tcheck Ttotal Status Flags
r-devel-linux-x86_64-debian-clang 2024.4.14 8.57 302.75 311.32 OK
r-devel-linux-x86_64-debian-gcc 2024.4.14 6.16 90.83 96.99 ERROR
r-devel-linux-x86_64-fedora-clang 2024.4.14 465.47 OK
r-devel-linux-x86_64-fedora-gcc 2024.4.14 467.98 OK
r-devel-windows-x86_64 2024.4.14 7.00 216.00 223.00 OK
r-patched-linux-x86_64 2024.4.14 9.53 380.64 390.17 OK
r-release-linux-x86_64 2024.4.14 7.77 302.99 310.76 OK
r-release-macos-arm64 2024.4.14 105.00 OK
r-release-macos-x86_64 2024.4.14 176.00 OK
r-release-windows-x86_64 2024.4.14 8.00 210.00 218.00 OK
r-oldrel-macos-arm64 2024.4.14 101.00 OK
r-oldrel-macos-x86_64 2024.4.14 270.00 OK
r-oldrel-windows-x86_64 2024.4.14 9.00 300.00 309.00 OK

Check Details

Version: 2024.4.14
Check: package dependencies
Result: NOTE Packages suggested but not available for checking: 'animint2', 'testthat' Flavor: r-devel-linux-x86_64-debian-gcc

Version: 2024.4.14
Check: re-building of vignette outputs
Result: ERROR Error(s) in re-building vignettes: ... --- re-building ‘ResamplingSameOtherCV.Rmd’ using rmarkdown --- finished re-building ‘ResamplingSameOtherCV.Rmd’ --- re-building ‘ResamplingSameOtherSizesCV.Rmd’ using rmarkdown Quitting from lines 36-52 [simulationScatter] (ResamplingSameOtherSizesCV.Rmd) Error: processing vignette 'ResamplingSameOtherSizesCV.Rmd' failed with diagnostics: there is no package called 'animint2' --- failed re-building ‘ResamplingSameOtherSizesCV.Rmd’ --- re-building ‘ResamplingVariableSizeTrainCV.Rmd’ using rmarkdown --- finished re-building ‘ResamplingVariableSizeTrainCV.Rmd’ SUMMARY: processing the following file failed: ‘ResamplingSameOtherSizesCV.Rmd’ Error: Vignette re-building failed. Execution halted Flavor: r-devel-linux-x86_64-debian-gcc