CRAN Package Check Results for Package mixture

Last updated on 2021-12-04 23:50:38 CET.

Flavor Version Tinstall Tcheck Ttotal Status Flags
r-devel-linux-x86_64-debian-clang 2.0.4 96.65 49.37 146.02 OK
r-devel-linux-x86_64-debian-gcc 2.0.4 61.86 39.40 101.26 OK
r-devel-linux-x86_64-fedora-clang 2.0.4 229.51 NOTE
r-devel-linux-x86_64-fedora-gcc 2.0.4 179.39 OK
r-devel-windows-x86_64-new-UL 2.0.4 105.00 110.00 215.00 OK
r-devel-windows-x86_64-new-TK 2.0.4 OK
r-devel-windows-x86_64-old 2.0.4 100.00 54.00 154.00 OK
r-patched-linux-x86_64 2.0.4 79.34 40.07 119.41 OK
r-release-linux-x86_64 2.0.4 74.21 40.15 114.36 OK
r-release-macos-arm64 2.0.4 NOTE
r-release-macos-x86_64 2.0.4 NOTE
r-release-windows-ix86+x86_64 2.0.4 192.00 88.00 280.00 OK
r-oldrel-macos-x86_64 2.0.4 NOTE
r-oldrel-windows-ix86+x86_64 2.0.4 187.00 96.00 283.00 OK

Check Details

Version: 2.0.4
Check: installed package size
Result: NOTE
     installed size is 11.0Mb
     sub-directories of 1Mb or more:
     libs 10.6Mb
Flavors: r-devel-linux-x86_64-fedora-clang, r-release-macos-arm64, r-release-macos-x86_64, r-oldrel-macos-x86_64