CRAN Package Check Results for Package mixmeta

Last updated on 2023-01-26 23:55:56 CET.

Flavor Version Tinstall Tcheck Ttotal Status Flags
r-devel-linux-x86_64-debian-clang 1.2.0 7.05 82.24 89.29 NOTE
r-devel-linux-x86_64-debian-gcc 1.2.0 4.82 58.87 63.69 NOTE
r-devel-linux-x86_64-fedora-clang 1.2.0 110.56 NOTE
r-devel-linux-x86_64-fedora-gcc 1.2.0 102.95 NOTE
r-patched-linux-x86_64 1.2.0 6.50 75.74 82.24 OK
r-release-linux-x86_64 1.2.0 5.62 75.03 80.65 OK
r-release-macos-arm64 1.2.0 26.00 OK
r-release-macos-x86_64 1.2.0 40.00 OK
r-release-windows-x86_64 1.2.0 48.00 111.00 159.00 OK
r-oldrel-macos-arm64 1.2.0 35.00 OK
r-oldrel-macos-x86_64 1.2.0 40.00 OK
r-oldrel-windows-ix86+x86_64 1.2.0 11.00 103.00 114.00 OK

Check Details

Version: 1.2.0
Check: Rd files
Result: NOTE
    checkRd: (-1) mixmeta-package.Rd:115: Escaped LaTeX specials: \&
    checkRd: (-1) mixmeta.ml.Rd:56: Escaped LaTeX specials: \&
    checkRd: (-1) ml.igls.Rd:62: Escaped LaTeX specials: \&
Flavors: r-devel-linux-x86_64-debian-clang, r-devel-linux-x86_64-debian-gcc, r-devel-linux-x86_64-fedora-clang, r-devel-linux-x86_64-fedora-gcc

Version: 1.2.0
Check: Rd cross-references
Result: NOTE
    Undeclared package ‘mvmeta’ in Rd xrefs
Flavor: r-devel-linux-x86_64-fedora-clang