Last updated on 2023-02-06 23:55:51 CET.
Flavor | Version | Tinstall | Tcheck | Ttotal | Status | Flags |
---|---|---|---|---|---|---|
r-devel-linux-x86_64-debian-clang | 1.1.2 | 189.06 | 86.53 | 275.59 | OK | |
r-devel-linux-x86_64-debian-gcc | 1.1.2 | 141.37 | 69.70 | 211.07 | OK | |
r-devel-linux-x86_64-fedora-clang | 1.1.2 | 396.69 | OK | |||
r-devel-linux-x86_64-fedora-gcc | 1.1.2 | 361.41 | OK | |||
r-devel-windows-x86_64 | 1.1.2 | 156.00 | 160.00 | 316.00 | OK | |
r-patched-linux-x86_64 | 1.1.2 | 146.62 | 77.35 | 223.97 | OK | |
r-release-linux-x86_64 | 1.1.2 | 145.38 | 77.62 | 223.00 | OK | |
r-release-macos-arm64 | 1.1.2 | 82.00 | NOTE | |||
r-release-macos-x86_64 | 1.1.2 | 109.00 | OK | |||
r-release-windows-x86_64 | 1.1.2 | 156.00 | 168.00 | 324.00 | OK | |
r-oldrel-macos-arm64 | 1.1.2 | 99.00 | NOTE | |||
r-oldrel-macos-x86_64 | 1.1.2 | 152.00 | OK | |||
r-oldrel-windows-ix86+x86_64 | 1.1.2 | 437.00 | 156.00 | 593.00 | OK |
Version: 1.1.2
Check: installed package size
Result: NOTE
installed size is 5.9Mb
sub-directories of 1Mb or more:
libs 5.4Mb
Flavors: r-release-macos-arm64, r-oldrel-macos-arm64