CRAN Package Check Results for Package mixchar

Last updated on 2022-01-22 23:52:15 CET.

Flavor Version Tinstall Tcheck Ttotal Status Flags
r-devel-linux-x86_64-debian-clang 0.1.0 9.43 121.83 131.26 OK
r-devel-linux-x86_64-debian-gcc 0.1.0 7.26 90.52 97.78 OK
r-devel-linux-x86_64-fedora-clang 0.1.0 156.28 OK
r-devel-linux-x86_64-fedora-gcc 0.1.0 145.40 OK
r-devel-windows-x86_64-new-UL 0.1.0 40.00 184.00 224.00 OK
r-devel-windows-x86_64-new-TK 0.1.0 ERROR
r-patched-linux-x86_64 0.1.0 8.54 118.67 127.21 OK
r-release-linux-x86_64 0.1.0 6.06 118.24 124.30 OK
r-release-macos-arm64 0.1.0 OK
r-release-macos-x86_64 0.1.0 OK
r-release-windows-ix86+x86_64 0.1.0 19.00 145.00 164.00 OK
r-oldrel-macos-x86_64 0.1.0 OK
r-oldrel-windows-ix86+x86_64 0.1.0 21.00 150.00 171.00 OK

Check Details

Version: 0.1.0
Check: package dependencies
Result: ERROR
    Package required but not available: 'nloptr'
    
    See section 'The DESCRIPTION file' in the 'Writing R Extensions'
    manual.
Flavor: r-devel-windows-x86_64-new-TK