CRAN Package Check Results for Package mixAK

Last updated on 2021-05-16 23:47:04 CEST.

Flavor Version Tinstall Tcheck Ttotal Status Flags
r-devel-linux-x86_64-debian-clang 5.3 76.05 178.47 254.52 OK
r-devel-linux-x86_64-debian-gcc 5.3 53.93 131.55 185.48 OK
r-devel-linux-x86_64-fedora-clang 5.3 323.48 NOTE
r-devel-linux-x86_64-fedora-gcc 5.3 296.20 OK
r-devel-windows-ix86+x86_64 5.3 192.00 169.00 361.00 OK
r-devel-windows-x86_64-gcc10-UCRT 5.3 OK
r-patched-linux-x86_64 5.3 63.34 175.10 238.44 OK
r-patched-solaris-x86 5.3 527.60 OK
r-release-linux-x86_64 5.3 62.15 157.13 219.28 OK
r-release-windows-ix86+x86_64 5.3 146.00 166.00 312.00 OK
r-oldrel-windows-ix86+x86_64 5.3 144.00 214.00 358.00 OK

Check Details

Version: 5.3
Check: Rd cross-references
Result: NOTE
    Undeclared package ‘mvtnorm’ in Rd xrefs
Flavor: r-devel-linux-x86_64-fedora-clang