CRAN Package Check Results for Package mitools

Last updated on 2021-09-19 23:50:18 CEST.

Flavor Version Tinstall Tcheck Ttotal Status Flags
r-devel-linux-x86_64-debian-clang 2.4 2.97 36.57 39.54 OK
r-devel-linux-x86_64-debian-gcc 2.4 2.06 28.61 30.67 OK
r-devel-linux-x86_64-fedora-clang 2.4 57.60 OK
r-devel-linux-x86_64-fedora-gcc 2.4 46.43 OK
r-devel-windows-x86_64 2.4 5.00 42.00 47.00 OK
r-devel-windows-x86_64-gcc10-UCRT 2.4 ERROR
r-patched-linux-x86_64 2.4 2.83 35.74 38.57 OK
r-patched-solaris-x86 2.4 71.50 OK
r-release-linux-x86_64 2.4 2.66 35.85 38.51 OK
r-release-macos-arm64 2.4 NOTE
r-release-macos-x86_64 2.4 OK
r-release-windows-ix86+x86_64 2.4 7.00 40.00 47.00 OK
r-oldrel-macos-x86_64 2.4 OK
r-oldrel-windows-ix86+x86_64 2.4 6.00 47.00 53.00 OK

Check Details

Version: 2.4
Check: whether package can be installed
Result: WARN
    Found the following significant warnings:
     WARNING: installation-time patches will not be applied, could not get the patches index
Flavor: r-devel-windows-x86_64-gcc10-UCRT

Version: 2.4
Check: PDF version of manual
Result: WARN
    LaTeX errors when creating PDF version.
    This typically indicates Rd problems.
Flavor: r-devel-windows-x86_64-gcc10-UCRT

Version: 2.4
Check: PDF version of manual without hyperrefs or index
Result: ERROR
    Re-running with no redirection of stdout/stderr.
Flavor: r-devel-windows-x86_64-gcc10-UCRT

Version: 2.4
Check: package dependencies
Result: NOTE
    Package suggested but not available for checking: ‘RODBC’
Flavor: r-release-macos-arm64