Last updated on 2023-01-30 00:31:17 CET.
Flavor | Version | Tinstall | Tcheck | Ttotal | Status | Flags |
---|---|---|---|---|---|---|
r-devel-linux-x86_64-debian-clang | 1.4.0 | 63.13 | 33.57 | 96.70 | NOTE | |
r-devel-linux-x86_64-debian-gcc | 1.4.0 | 53.62 | 25.16 | 78.78 | NOTE | |
r-devel-linux-x86_64-fedora-clang | 1.4.0 | 147.81 | NOTE | |||
r-devel-linux-x86_64-fedora-gcc | 1.4.0 | 137.76 | NOTE | |||
r-devel-windows-x86_64 | 1.4.0 | 72.00 | 96.00 | 168.00 | NOTE | |
r-patched-linux-x86_64 | 1.4.0 | 54.35 | 31.86 | 86.21 | OK | |
r-release-linux-x86_64 | 1.4.0 | 57.33 | 33.06 | 90.39 | OK | |
r-release-macos-arm64 | 1.4.0 | 36.00 | OK | |||
r-release-macos-x86_64 | 1.4.0 | 48.00 | OK | |||
r-release-windows-x86_64 | 1.4.0 | 74.00 | 88.00 | 162.00 | OK | |
r-oldrel-macos-arm64 | 1.4.0 | 40.00 | OK | |||
r-oldrel-macos-x86_64 | 1.4.0 | 68.00 | OK | |||
r-oldrel-windows-ix86+x86_64 | 1.4.0 | 161.00 | 99.00 | 260.00 | OK |
Version: 1.4.0
Check: package subdirectories
Result: NOTE
Problems with news in ‘NEWS.md’:
No news entries found.
Flavors: r-devel-linux-x86_64-debian-clang, r-devel-linux-x86_64-debian-gcc, r-devel-linux-x86_64-fedora-clang, r-devel-linux-x86_64-fedora-gcc, r-devel-windows-x86_64
Version: 1.4.0
Check: C++ specification
Result: NOTE
Specified C++11: please update to current default of C++17
Flavors: r-devel-linux-x86_64-debian-gcc, r-devel-linux-x86_64-fedora-clang, r-devel-linux-x86_64-fedora-gcc, r-devel-windows-x86_64