CRAN Package Check Results for Package mipplot

Last updated on 2024-06-13 00:55:22 CEST.

Flavor Version Tinstall Tcheck Ttotal Status Flags
r-devel-linux-x86_64-debian-clang 0.3.1 8.56 176.29 184.85 OK
r-devel-linux-x86_64-debian-gcc 0.3.1 0.50 1.86 2.36 ERROR
r-devel-linux-x86_64-fedora-clang 0.3.1 238.49 OK
r-devel-linux-x86_64-fedora-gcc 0.3.1 241.66 OK
r-devel-windows-x86_64 0.3.1 10.00 137.00 147.00 OK
r-patched-linux-x86_64 0.3.1 11.50 168.55 180.05 OK
r-release-linux-x86_64 0.3.1 7.57 165.12 172.69 OK
r-release-macos-arm64 0.3.1 66.00 OK
r-release-macos-x86_64 0.3.1 170.00 OK
r-release-windows-x86_64 0.3.1 12.00 135.00 147.00 OK
r-oldrel-macos-arm64 0.3.1 64.00 OK
r-oldrel-macos-x86_64 0.3.1 114.00 OK
r-oldrel-windows-x86_64 0.3.1 14.00 172.00 186.00 OK

Check Details

Version: 0.3.1
Check: package dependencies
Result: ERROR Packages required but not available: 'ggplot2', 'stringr', 'tidyr', 'readxl', 'shiny.i18n', 'readr', 'dplyr', 'reshape2' Packages suggested but not available for checking: 'testthat', 'tidyverse' See section ‘The DESCRIPTION file’ in the ‘Writing R Extensions’ manual. Flavor: r-devel-linux-x86_64-debian-gcc