CRAN Package Check Results for Package minval

Last updated on 2021-10-27 23:50:31 CEST.

Flavor Version Tinstall Tcheck Ttotal Status Flags
r-devel-linux-x86_64-debian-clang 0.8-1 3.24 77.82 81.06 NOTE
r-devel-linux-x86_64-debian-gcc 0.8-1 2.91 57.66 60.57 NOTE
r-devel-linux-x86_64-fedora-clang 0.8-1 110.72 NOTE
r-devel-linux-x86_64-fedora-gcc 0.8-1 97.05 NOTE
r-devel-windows-x86_64 0.8-1 5.00 110.00 115.00 NOTE
r-devel-windows-x86_64-gcc10-UCRT 0.8-1 NOTE
r-patched-linux-x86_64 0.8-1 3.07 72.99 76.06 NOTE
r-patched-solaris-x86 0.8-1 132.70 NOTE
r-release-linux-x86_64 0.8-1 2.99 73.79 76.78 NOTE
r-release-macos-arm64 0.8-1 NOTE
r-release-macos-x86_64 0.8-1 NOTE
r-release-windows-ix86+x86_64 0.8-1 6.00 133.00 139.00 NOTE
r-oldrel-macos-x86_64 0.8-1 OK
r-oldrel-windows-ix86+x86_64 0.8-1 6.00 101.00 107.00 OK

Check Details

Version: 0.8-1
Check: LazyData
Result: NOTE
     'LazyData' is specified without a 'data' directory
Flavors: r-devel-linux-x86_64-debian-clang, r-devel-linux-x86_64-debian-gcc, r-devel-linux-x86_64-fedora-clang, r-devel-linux-x86_64-fedora-gcc, r-devel-windows-x86_64, r-devel-windows-x86_64-gcc10-UCRT, r-patched-linux-x86_64, r-patched-solaris-x86, r-release-linux-x86_64, r-release-macos-arm64, r-release-macos-x86_64, r-release-windows-ix86+x86_64

Version: 0.8-1
Check: for non-standard things in the check directory
Result: NOTE
    Found the following files/directories:
     'glycolysis.xml' 'glycolysis_desc.tsv' 'glycolysis_met.tsv'
     'glycolysis_react.tsv'
Flavors: r-devel-linux-x86_64-debian-clang, r-devel-linux-x86_64-debian-gcc, r-devel-linux-x86_64-fedora-clang, r-devel-linux-x86_64-fedora-gcc, r-patched-linux-x86_64, r-patched-solaris-x86, r-release-linux-x86_64