Last updated on 2023-02-05 23:58:49 CET.
Flavor | Version | Tinstall | Tcheck | Ttotal | Status | Flags |
---|---|---|---|---|---|---|
r-devel-linux-x86_64-debian-clang | 0.2 | 13.03 | 108.67 | 121.70 | OK | |
r-devel-linux-x86_64-debian-gcc | 0.2 | 11.04 | 83.04 | 94.08 | OK | |
r-devel-linux-x86_64-fedora-clang | 0.2 | 155.08 | NOTE | |||
r-devel-linux-x86_64-fedora-gcc | 0.2 | 164.32 | NOTE | |||
r-devel-windows-x86_64 | 0.2 | 30.00 | 163.00 | 193.00 | OK | |
r-patched-linux-x86_64 | 0.2 | 13.73 | 109.85 | 123.58 | OK | |
r-release-linux-x86_64 | 0.2 | 13.48 | 110.88 | 124.36 | OK | |
r-release-macos-arm64 | 0.2 | 45.00 | NOTE | |||
r-release-macos-x86_64 | 0.2 | 79.00 | NOTE | |||
r-release-windows-x86_64 | 0.2 | 35.00 | 161.00 | 196.00 | OK | |
r-oldrel-macos-arm64 | 0.2 | 50.00 | NOTE | |||
r-oldrel-macos-x86_64 | 0.2 | 86.00 | NOTE | |||
r-oldrel-windows-ix86+x86_64 | 0.2 | 30.00 | 143.00 | 173.00 | OK |
Version: 0.2
Check: dependencies in R code
Result: NOTE
Namespaces in Imports field not imported from:
‘markdown’ ‘metafor’
All declared Imports should be used.
Flavors: r-devel-linux-x86_64-fedora-clang, r-devel-linux-x86_64-fedora-gcc, r-release-macos-arm64, r-release-macos-x86_64, r-oldrel-macos-arm64, r-oldrel-macos-x86_64