CRAN Package Check Results for Package mimsy

Last updated on 2022-08-08 23:53:01 CEST.

Flavor Version Tinstall Tcheck Ttotal Status Flags
r-devel-linux-x86_64-debian-clang 0.6.2 7.88 73.98 81.86 NOTE
r-devel-linux-x86_64-debian-gcc 0.6.2 5.96 53.76 59.72 NOTE
r-devel-linux-x86_64-fedora-clang 0.6.2 108.97 NOTE
r-devel-linux-x86_64-fedora-gcc 0.6.2 101.98 NOTE
r-devel-windows-x86_64 0.6.2 13.00 95.00 108.00 NOTE
r-patched-linux-x86_64 0.6.2 7.95 67.24 75.19 NOTE
r-release-linux-x86_64 0.6.2 NOTE
r-release-macos-arm64 0.6.2 28.00 NOTE
r-release-macos-x86_64 0.6.2 54.00 NOTE
r-release-windows-x86_64 0.6.2 12.00 100.00 112.00 NOTE
r-oldrel-macos-arm64 0.6.2 36.00 NOTE
r-oldrel-macos-x86_64 0.6.2 47.00 NOTE
r-oldrel-windows-ix86+x86_64 0.6.2 18.00 86.00 104.00 NOTE

Check Details

Version: 0.6.2
Check: LazyData
Result: NOTE
     'LazyData' is specified without a 'data' directory
Flavors: r-devel-linux-x86_64-debian-clang, r-devel-linux-x86_64-debian-gcc, r-devel-linux-x86_64-fedora-clang, r-devel-linux-x86_64-fedora-gcc, r-devel-windows-x86_64, r-patched-linux-x86_64, r-release-linux-x86_64, r-release-macos-arm64, r-release-macos-x86_64, r-release-windows-x86_64, r-oldrel-macos-arm64, r-oldrel-macos-x86_64, r-oldrel-windows-ix86+x86_64