CRAN Package Check Results for Package mifa

Last updated on 2023-06-02 01:00:31 CEST.

Flavor Version Tinstall Tcheck Ttotal Status Flags
r-devel-linux-x86_64-debian-clang 0.2.0 2.62 66.26 68.88 NOTE
r-devel-linux-x86_64-debian-gcc 0.2.0 2.07 50.76 52.83 NOTE
r-devel-linux-x86_64-fedora-clang 0.2.0 82.03 NOTE
r-devel-linux-x86_64-fedora-gcc 0.2.0 78.78 NOTE
r-devel-windows-x86_64 0.2.0 3.00 81.00 84.00 NOTE
r-patched-linux-x86_64 0.2.0 NOTE
r-release-linux-x86_64 0.2.0 1.65 62.99 64.64 NOTE
r-release-macos-arm64 0.2.0 39.00 NOTE
r-release-macos-x86_64 0.2.0 60.00 NOTE
r-release-windows-x86_64 0.2.0 4.00 84.00 88.00 NOTE
r-oldrel-macos-arm64 0.2.0 37.00 NOTE
r-oldrel-macos-x86_64 0.2.0 54.00 NOTE
r-oldrel-windows-x86_64 0.2.0 4.00 84.00 88.00 NOTE

Check Details

Version: 0.2.0
Check: LazyData
Result: NOTE
     'LazyData' is specified without a 'data' directory
Flavors: r-devel-linux-x86_64-debian-clang, r-devel-linux-x86_64-debian-gcc, r-devel-linux-x86_64-fedora-clang, r-devel-linux-x86_64-fedora-gcc, r-devel-windows-x86_64, r-patched-linux-x86_64, r-release-linux-x86_64, r-release-macos-arm64, r-release-macos-x86_64, r-release-windows-x86_64, r-oldrel-macos-arm64, r-oldrel-macos-x86_64, r-oldrel-windows-x86_64