CRAN Package Check Results for Package midas

Last updated on 2021-10-24 23:51:54 CEST.

Flavor Version Tinstall Tcheck Ttotal Status Flags
r-devel-linux-x86_64-debian-clang 1.0.1 3.20 31.38 34.58 NOTE
r-devel-linux-x86_64-debian-gcc 1.0.1 2.58 24.97 27.55 NOTE
r-devel-linux-x86_64-fedora-clang 1.0.1 52.34 NOTE
r-devel-linux-x86_64-fedora-gcc 1.0.1 42.34 NOTE
r-devel-windows-x86_64 1.0.1 6.00 56.00 62.00 NOTE
r-devel-windows-x86_64-gcc10-UCRT 1.0.1 NOTE
r-patched-linux-x86_64 1.0.1 3.48 31.08 34.56 NOTE
r-patched-solaris-x86 1.0.1 68.80 NOTE
r-release-linux-x86_64 1.0.1 3.23 30.92 34.15 NOTE
r-release-macos-arm64 1.0.1 NOTE
r-release-macos-x86_64 1.0.1 NOTE
r-release-windows-ix86+x86_64 1.0.1 7.00 55.00 62.00 NOTE
r-oldrel-macos-x86_64 1.0.1 OK
r-oldrel-windows-ix86+x86_64 1.0.1 9.00 55.00 64.00 OK

Check Details

Version: 1.0.1
Check: LazyData
Result: NOTE
     'LazyData' is specified without a 'data' directory
Flavors: r-devel-linux-x86_64-debian-clang, r-devel-linux-x86_64-debian-gcc, r-devel-linux-x86_64-fedora-clang, r-devel-linux-x86_64-fedora-gcc, r-devel-windows-x86_64, r-devel-windows-x86_64-gcc10-UCRT, r-patched-linux-x86_64, r-patched-solaris-x86, r-release-linux-x86_64, r-release-macos-arm64, r-release-macos-x86_64, r-release-windows-ix86+x86_64