Last updated on 2023-03-27 00:50:30 CEST.
Flavor | Version | Tinstall | Tcheck | Ttotal | Status | Flags |
---|---|---|---|---|---|---|
r-devel-linux-x86_64-debian-clang | 1.2 | 6.19 | 70.26 | 76.45 | NOTE | |
r-devel-linux-x86_64-debian-gcc | 1.2 | 5.18 | 51.41 | 56.59 | NOTE | |
r-devel-linux-x86_64-fedora-clang | 1.2 | 95.24 | NOTE | |||
r-devel-linux-x86_64-fedora-gcc | 1.2 | 99.57 | NOTE | |||
r-patched-linux-x86_64 | 1.2 | 11.56 | 63.59 | 75.15 | NOTE | |
r-release-linux-x86_64 | 1.2 | 6.23 | 65.33 | 71.56 | NOTE | |
r-release-macos-arm64 | 1.2 | 40.00 | NOTE | |||
r-release-macos-x86_64 | 1.2 | 60.00 | NOTE | |||
r-release-windows-x86_64 | 1.2 | 22.00 | 106.00 | 128.00 | NOTE | |
r-oldrel-macos-arm64 | 1.2 | 43.00 | NOTE | |||
r-oldrel-macos-x86_64 | 1.2 | 64.00 | NOTE | |||
r-oldrel-windows-ix86+x86_64 | 1.2 | 14.00 | 115.00 | 129.00 | NOTE |
Version: 1.2
Check: package dependencies
Result: NOTE
Package suggested but not available for checking: ‘microcontax.data’
Flavors: r-devel-linux-x86_64-debian-clang, r-devel-linux-x86_64-debian-gcc, r-devel-linux-x86_64-fedora-clang, r-devel-linux-x86_64-fedora-gcc, r-patched-linux-x86_64, r-release-linux-x86_64, r-release-macos-arm64, r-release-macos-x86_64, r-release-windows-x86_64, r-oldrel-macos-arm64, r-oldrel-macos-x86_64, r-oldrel-windows-ix86+x86_64
Version: 1.2
Check: Rd cross-references
Result: NOTE
Package unavailable to check Rd xrefs: ‘microcontax.data’
Flavors: r-devel-linux-x86_64-debian-clang, r-devel-linux-x86_64-debian-gcc, r-devel-linux-x86_64-fedora-clang, r-devel-linux-x86_64-fedora-gcc, r-patched-linux-x86_64, r-release-linux-x86_64, r-release-macos-arm64, r-release-macos-x86_64, r-release-windows-x86_64, r-oldrel-macos-arm64, r-oldrel-macos-x86_64, r-oldrel-windows-ix86+x86_64