CRAN Package Check Results for Package miceRanger

Last updated on 2024-06-14 00:53:49 CEST.

Flavor Version Tinstall Tcheck Ttotal Status Flags
r-devel-linux-x86_64-debian-clang 1.5.0 16.43 131.19 147.62 OK
r-devel-linux-x86_64-debian-gcc 1.5.0 0.64 1.91 2.55 ERROR
r-devel-linux-x86_64-fedora-clang 1.5.0 181.67 OK
r-devel-linux-x86_64-fedora-gcc 1.5.0 186.04 OK
r-devel-windows-x86_64 1.5.0 13.00 117.00 130.00 OK
r-patched-linux-x86_64 1.5.0 11.94 127.56 139.50 OK
r-release-linux-x86_64 1.5.0 11.04 123.64 134.68 OK
r-release-macos-arm64 1.5.0 59.00 OK
r-release-macos-x86_64 1.5.0 93.00 OK
r-release-windows-x86_64 1.5.0 14.00 111.00 125.00 OK
r-oldrel-macos-arm64 1.5.0 67.00 OK
r-oldrel-macos-x86_64 1.5.0 97.00 OK
r-oldrel-windows-x86_64 1.5.0 17.00 137.00 154.00 OK

Check Details

Version: 1.5.0
Check: package dependencies
Result: ERROR Packages required but not available: 'ggplot2', 'ggpubr', 'DescTools' Package suggested but not available for checking: ‘testthat’ See section ‘The DESCRIPTION file’ in the ‘Writing R Extensions’ manual. Flavor: r-devel-linux-x86_64-debian-gcc