CRAN Package Check Results for Package mhazard

Last updated on 2022-01-23 23:50:22 CET.

Flavor Version Tinstall Tcheck Ttotal Status Flags
r-devel-linux-x86_64-debian-clang 0.1.2 50.26 106.01 156.27 NOTE
r-devel-linux-x86_64-debian-gcc 0.1.2 38.26 90.18 128.44 NOTE
r-devel-linux-x86_64-fedora-clang 0.1.2 213.71 NOTE
r-devel-linux-x86_64-fedora-gcc 0.1.2 188.42 NOTE
r-devel-windows-x86_64-new-UL 0.1.2 57.00 137.00 194.00 NOTE
r-devel-windows-x86_64-new-TK 0.1.2 NOTE
r-patched-linux-x86_64 0.1.2 47.91 101.01 148.92 NOTE
r-release-linux-x86_64 0.1.2 46.42 101.41 147.83 NOTE
r-release-macos-arm64 0.1.2 NOTE
r-release-macos-x86_64 0.1.2 NOTE
r-release-windows-ix86+x86_64 0.1.2 121.00 185.00 306.00 NOTE
r-oldrel-macos-x86_64 0.1.2 OK
r-oldrel-windows-ix86+x86_64 0.1.2 122.00 183.00 305.00 OK

Check Details

Version: 0.1.2
Check: LazyData
Result: NOTE
     'LazyData' is specified without a 'data' directory
Flavors: r-devel-linux-x86_64-debian-clang, r-devel-linux-x86_64-debian-gcc, r-devel-linux-x86_64-fedora-clang, r-devel-linux-x86_64-fedora-gcc, r-devel-windows-x86_64-new-UL, r-devel-windows-x86_64-new-TK, r-patched-linux-x86_64, r-release-linux-x86_64, r-release-macos-arm64, r-release-macos-x86_64, r-release-windows-ix86+x86_64