CRAN Package Check Results for Package mgsub

Last updated on 2021-05-16 23:47:03 CEST.

Flavor Version Tinstall Tcheck Ttotal Status Flags
r-devel-linux-x86_64-debian-clang 1.7.2 1.67 31.45 33.12 NOTE
r-devel-linux-x86_64-debian-gcc 1.7.2 1.59 24.86 26.45 NOTE
r-devel-linux-x86_64-fedora-clang 1.7.2 48.41 NOTE
r-devel-linux-x86_64-fedora-gcc 1.7.2 43.12 NOTE
r-devel-windows-ix86+x86_64 1.7.2 6.00 44.00 50.00 NOTE
r-devel-windows-x86_64-gcc10-UCRT 1.7.2 NOTE
r-patched-linux-x86_64 1.7.2 2.05 30.81 32.86 NOTE
r-patched-solaris-x86 1.7.2 56.30 NOTE
r-release-linux-x86_64 1.7.2 2.10 30.42 32.52 OK
r-release-macos-x86_64 1.7.2 OK
r-release-windows-ix86+x86_64 1.7.2 5.00 38.00 43.00 OK
r-oldrel-macos-x86_64 1.7.2 OK
r-oldrel-windows-ix86+x86_64 1.7.2 3.00 63.00 66.00 OK

Check Details

Version: 1.7.2
Check: LazyData
Result: NOTE
     'LazyData' is specified without a 'data' directory
Flavors: r-devel-linux-x86_64-debian-clang, r-devel-linux-x86_64-debian-gcc, r-devel-linux-x86_64-fedora-clang, r-devel-linux-x86_64-fedora-gcc, r-devel-windows-ix86+x86_64, r-devel-windows-x86_64-gcc10-UCRT, r-patched-linux-x86_64, r-patched-solaris-x86