Last updated on 2023-09-21 00:56:36 CEST.
Flavor | Version | Tinstall | Tcheck | Ttotal | Status | Flags |
---|---|---|---|---|---|---|
r-devel-linux-x86_64-debian-clang | 1.2 | 25.38 | 82.55 | 107.93 | NOTE | |
r-devel-linux-x86_64-debian-gcc | 1.2 | 19.42 | 62.07 | 81.49 | NOTE | |
r-devel-linux-x86_64-fedora-clang | 1.2 | 140.72 | NOTE | |||
r-devel-linux-x86_64-fedora-gcc | 1.2 | 139.47 | NOTE | |||
r-devel-windows-x86_64 | 1.2 | 25.00 | 90.00 | 115.00 | NOTE | |
r-patched-linux-x86_64 | 1.2 | 29.50 | 78.87 | 108.37 | NOTE | |
r-release-linux-x86_64 | 1.2 | 32.23 | 78.83 | 111.06 | NOTE | |
r-release-macos-arm64 | 1.2 | 47.00 | NOTE | |||
r-release-macos-x86_64 | 1.2 | 69.00 | NOTE | |||
r-release-windows-x86_64 | 1.2 | 26.00 | 111.00 | 137.00 | NOTE | |
r-oldrel-macos-arm64 | 1.2 | 40.00 | OK | |||
r-oldrel-macos-x86_64 | 1.2 | 53.00 | OK | |||
r-oldrel-windows-x86_64 | 1.2 | 29.00 | 104.00 | 133.00 | OK |
Version: 1.2
Check: C++ specification
Result: NOTE
Specified C++14: please drop specification unless essential
Flavors: r-devel-linux-x86_64-debian-clang, r-devel-linux-x86_64-debian-gcc, r-devel-linux-x86_64-fedora-clang, r-devel-linux-x86_64-fedora-gcc, r-devel-windows-x86_64, r-patched-linux-x86_64, r-release-linux-x86_64, r-release-macos-arm64, r-release-macos-x86_64, r-release-windows-x86_64