Last updated on 2023-02-06 23:55:50 CET.
Flavor | Version | Tinstall | Tcheck | Ttotal | Status | Flags |
---|---|---|---|---|---|---|
r-devel-linux-x86_64-debian-clang | 1.2 | 26.54 | 81.20 | 107.74 | NOTE | |
r-devel-linux-x86_64-debian-gcc | 1.2 | 22.18 | 60.73 | 82.91 | NOTE | |
r-devel-linux-x86_64-fedora-clang | 1.2 | 138.94 | NOTE | |||
r-devel-linux-x86_64-fedora-gcc | 1.2 | 132.70 | NOTE | |||
r-devel-windows-x86_64 | 1.2 | 35.00 | 126.00 | 161.00 | NOTE | |
r-patched-linux-x86_64 | 1.2 | 23.12 | 74.37 | 97.49 | OK | |
r-release-linux-x86_64 | 1.2 | 21.50 | 77.96 | 99.46 | OK | |
r-release-macos-arm64 | 1.2 | 40.00 | OK | |||
r-release-macos-x86_64 | 1.2 | 53.00 | OK | |||
r-release-windows-x86_64 | 1.2 | 51.00 | 127.00 | 178.00 | OK | |
r-oldrel-macos-arm64 | 1.2 | 48.00 | OK | |||
r-oldrel-macos-x86_64 | 1.2 | 74.00 | OK | |||
r-oldrel-windows-ix86+x86_64 | 1.2 | 62.00 | 146.00 | 208.00 | OK |
Version: 1.2
Check: C++ specification
Result: NOTE
Specified C++14: please update to current default of C++17
Flavors: r-devel-linux-x86_64-debian-clang, r-devel-linux-x86_64-debian-gcc, r-devel-linux-x86_64-fedora-clang, r-devel-linux-x86_64-fedora-gcc, r-devel-windows-x86_64