CRAN Package Check Results for Package mfbvar

Last updated on 2021-12-05 23:52:19 CET.

Flavor Version Tinstall Tcheck Ttotal Status Flags
r-devel-linux-x86_64-debian-clang 0.5.6 509.15 137.99 647.14 NOTE
r-devel-linux-x86_64-debian-gcc 0.5.6 375.30 103.01 478.31 NOTE
r-devel-linux-x86_64-fedora-clang 0.5.6 1000.60 NOTE
r-devel-linux-x86_64-fedora-gcc 0.5.6 751.57 NOTE
r-devel-windows-x86_64-new-UL 0.5.6 599.00 226.00 825.00 NOTE
r-devel-windows-x86_64-new-TK 0.5.6 NOTE
r-devel-windows-x86_64-old 0.5.6 629.00 112.00 741.00 NOTE
r-patched-linux-x86_64 0.5.6 439.28 120.51 559.79 NOTE
r-release-linux-x86_64 0.5.6 439.46 127.95 567.41 NOTE
r-release-macos-arm64 0.5.6 NOTE
r-release-macos-x86_64 0.5.6 NOTE
r-release-windows-ix86+x86_64 0.5.6 1227.00 201.00 1428.00 NOTE
r-oldrel-macos-x86_64 0.5.6 NOTE
r-oldrel-windows-ix86+x86_64 0.5.6 1229.00 208.00 1437.00 NOTE

Check Details

Version: 0.5.6
Check: for GNU extensions in Makefiles
Result: NOTE
    GNU make is a SystemRequirements.
Flavors: r-devel-linux-x86_64-debian-clang, r-devel-linux-x86_64-debian-gcc, r-devel-linux-x86_64-fedora-clang, r-devel-linux-x86_64-fedora-gcc, r-devel-windows-x86_64-new-UL, r-devel-windows-x86_64-new-TK, r-devel-windows-x86_64-old, r-patched-linux-x86_64, r-release-linux-x86_64, r-release-macos-arm64, r-release-macos-x86_64, r-release-windows-ix86+x86_64, r-oldrel-macos-x86_64, r-oldrel-windows-ix86+x86_64

Version: 0.5.6
Check: installed package size
Result: NOTE
     installed size is 23.1Mb
     sub-directories of 1Mb or more:
     libs 22.2Mb
Flavors: r-devel-linux-x86_64-fedora-clang, r-release-macos-arm64, r-release-macos-x86_64, r-release-windows-ix86+x86_64, r-oldrel-macos-x86_64, r-oldrel-windows-ix86+x86_64