CRAN Package Check Results for Package mev

Last updated on 2021-10-21 23:50:17 CEST.

Flavor Version Tinstall Tcheck Ttotal Status Flags
r-devel-linux-x86_64-debian-clang 1.13.1 117.11 179.26 296.37 OK
r-devel-linux-x86_64-debian-gcc 1.13.1 93.97 130.21 224.18 OK
r-devel-linux-x86_64-fedora-clang 1.13.1 411.90 NOTE
r-devel-linux-x86_64-fedora-gcc 1.13.1 385.65 OK
r-devel-windows-x86_64 1.13.1 166.00 212.00 378.00 OK
r-devel-windows-x86_64-gcc10-UCRT 1.13.1 OK
r-patched-linux-x86_64 1.13.1 116.57 171.00 287.57 OK
r-patched-solaris-x86 1.13.1 386.50 OK
r-release-linux-x86_64 1.13.1 113.30 171.65 284.95 OK
r-release-macos-arm64 1.13.1 NOTE
r-release-macos-x86_64 1.13.1 NOTE
r-release-windows-ix86+x86_64 1.13.1 192.00 247.00 439.00 OK
r-oldrel-macos-x86_64 1.13.1 NOTE
r-oldrel-windows-ix86+x86_64 1.13.1 278.00 243.00 521.00 OK

Check Details

Version: 1.13.1
Check: installed package size
Result: NOTE
     installed size is 7.5Mb
     sub-directories of 1Mb or more:
     libs 5.8Mb
Flavors: r-devel-linux-x86_64-fedora-clang, r-release-macos-arm64, r-release-macos-x86_64, r-oldrel-macos-x86_64

Version: 1.13.1
Check: Rd cross-references
Result: NOTE
    Undeclared packages ‘hoa’, ‘evir’ in Rd xrefs
Flavor: r-devel-linux-x86_64-fedora-clang