CRAN Package Check Results for Package metagear

Last updated on 2021-10-17 23:50:42 CEST.

Flavor Version Tinstall Tcheck Ttotal Status Flags
r-devel-linux-x86_64-debian-clang 0.7 14.53 115.35 129.88 OK
r-devel-linux-x86_64-debian-gcc 0.7 10.51 89.59 100.10 OK
r-devel-linux-x86_64-fedora-clang 0.7 166.17 OK
r-devel-linux-x86_64-fedora-gcc 0.7 158.18 OK
r-devel-windows-x86_64 0.7 19.00 126.00 145.00 OK
r-devel-windows-x86_64-gcc10-UCRT 0.7 OK
r-patched-linux-x86_64 0.7 13.14 113.04 126.18 OK
r-patched-solaris-x86 0.7 187.50 OK
r-release-linux-x86_64 0.7 13.38 114.23 127.61 OK
r-release-macos-arm64 0.7 NOTE
r-release-macos-x86_64 0.7 OK
r-release-windows-ix86+x86_64 0.7 18.00 126.00 144.00 OK
r-oldrel-macos-x86_64 0.7 OK
r-oldrel-windows-ix86+x86_64 0.7 28.00 129.00 157.00 OK

Check Details

Version: 0.7
Check: package dependencies
Result: NOTE
    Package suggested but not available for checking: ‘EBImage’
Flavor: r-release-macos-arm64