CRAN Package Check Results for Package meta4diag

Last updated on 2021-10-27 23:50:31 CEST.

Flavor Version Tinstall Tcheck Ttotal Status Flags
r-devel-linux-x86_64-debian-clang 2.0.8 13.32 81.07 94.39 NOTE
r-devel-linux-x86_64-debian-gcc 2.0.8 11.74 61.65 73.39 NOTE
r-devel-linux-x86_64-fedora-clang 2.0.8 128.44 OK
r-devel-linux-x86_64-fedora-gcc 2.0.8 115.66 OK
r-devel-windows-x86_64 2.0.8 23.00 80.00 103.00 OK
r-devel-windows-x86_64-gcc10-UCRT 2.0.8 NOTE
r-patched-linux-x86_64 2.0.8 12.39 78.65 91.04 NOTE
r-patched-solaris-x86 2.0.8 149.10 NOTE
r-release-linux-x86_64 2.0.8 13.12 78.58 91.70 NOTE
r-release-macos-arm64 2.0.8 NOTE
r-release-macos-x86_64 2.0.8 NOTE
r-release-windows-ix86+x86_64 2.0.8 20.00 104.00 124.00 OK
r-oldrel-macos-x86_64 2.0.8 NOTE
r-oldrel-windows-ix86+x86_64 2.0.8 20.00 102.00 122.00 OK

Check Details

Version: 2.0.8
Check: package dependencies
Result: NOTE
    Package suggested but not available for checking: 'INLA'
Flavors: r-devel-linux-x86_64-debian-clang, r-devel-linux-x86_64-debian-gcc, r-devel-windows-x86_64-gcc10-UCRT, r-patched-linux-x86_64, r-patched-solaris-x86, r-release-linux-x86_64, r-release-macos-arm64, r-release-macos-x86_64, r-oldrel-macos-x86_64