CRAN Package Check Results for Package memofunc

Last updated on 2021-12-07 23:54:35 CET.

Flavor Version Tinstall Tcheck Ttotal Status Flags
r-devel-linux-x86_64-debian-clang 1.0.2 2.13 34.31 36.44 NOTE
r-devel-linux-x86_64-debian-gcc 1.0.2 1.91 27.15 29.06 NOTE
r-devel-linux-x86_64-fedora-clang 1.0.2 47.92 NOTE
r-devel-linux-x86_64-fedora-gcc 1.0.2 34.60 NOTE
r-devel-windows-x86_64-new-UL 1.0.2 10.00 76.00 86.00 NOTE
r-devel-windows-x86_64-new-TK 1.0.2 NOTE
r-devel-windows-x86_64-old 1.0.2 6.00 38.00 44.00 NOTE
r-patched-linux-x86_64 1.0.2 2.50 32.64 35.14 NOTE
r-release-linux-x86_64 1.0.2 1.92 32.83 34.75 NOTE
r-release-macos-arm64 1.0.2 NOTE
r-release-macos-x86_64 1.0.2 NOTE
r-release-windows-ix86+x86_64 1.0.2 4.00 44.00 48.00 NOTE
r-oldrel-macos-x86_64 1.0.2 OK
r-oldrel-windows-ix86+x86_64 1.0.2 7.00 50.00 57.00 OK

Check Details

Version: 1.0.2
Check: LazyData
Result: NOTE
     'LazyData' is specified without a 'data' directory
Flavors: r-devel-linux-x86_64-debian-clang, r-devel-linux-x86_64-debian-gcc, r-devel-linux-x86_64-fedora-clang, r-devel-linux-x86_64-fedora-gcc, r-devel-windows-x86_64-new-UL, r-devel-windows-x86_64-new-TK, r-devel-windows-x86_64-old, r-patched-linux-x86_64, r-release-linux-x86_64, r-release-macos-arm64, r-release-macos-x86_64, r-release-windows-ix86+x86_64