CRAN Package Check Results for Package medflex

Last updated on 2024-06-13 00:55:22 CEST.

Flavor Version Tinstall Tcheck Ttotal Status Flags
r-devel-linux-x86_64-debian-clang 0.6-10 11.19 107.25 118.44 OK
r-devel-linux-x86_64-debian-gcc 0.6-10 0.33 1.68 2.01 ERROR
r-devel-linux-x86_64-fedora-clang 0.6-10 148.82 OK
r-devel-linux-x86_64-fedora-gcc 0.6-10 154.38 OK
r-devel-windows-x86_64 0.6-10 10.00 128.00 138.00 OK
r-patched-linux-x86_64 0.6-10 17.93 102.62 120.55 OK
r-release-linux-x86_64 0.6-10 9.70 104.25 113.95 OK
r-release-macos-arm64 0.6-10 53.00 OK
r-release-macos-x86_64 0.6-10 87.00 OK
r-release-windows-x86_64 0.6-10 10.00 130.00 140.00 OK
r-oldrel-macos-arm64 0.6-10 55.00 OK
r-oldrel-macos-x86_64 0.6-10 133.00 OK
r-oldrel-windows-x86_64 0.6-10 12.00 142.00 154.00 OK

Check Details

Version: 0.6-10
Check: package dependencies
Result: ERROR Package required but not available: ‘car’ Packages suggested but not available for checking: 'arm', 'mice' See section ‘The DESCRIPTION file’ in the ‘Writing R Extensions’ manual. Flavor: r-devel-linux-x86_64-debian-gcc