CRAN Package Check Results for Package measr

Last updated on 2024-06-13 00:55:22 CEST.

Flavor Version Tinstall Tcheck Ttotal Status Flags
r-devel-linux-x86_64-debian-clang 1.0.0 589.80 648.35 1238.15 NOTE
r-devel-linux-x86_64-debian-gcc 1.0.0 0.52 1.96 2.48 ERROR
r-devel-linux-x86_64-fedora-clang 1.0.0 1497.63 NOTE
r-devel-linux-x86_64-fedora-gcc 1.0.0 1930.74 NOTE
r-devel-windows-x86_64 1.0.0 431.00 488.00 919.00 NOTE
r-patched-linux-x86_64 1.0.0 390.71 782.88 1173.59 NOTE
r-release-linux-x86_64 1.0.0 424.59 784.73 1209.32 NOTE
r-release-macos-arm64 1.0.0 368.00 NOTE
r-release-macos-x86_64 1.0.0 462.00 NOTE
r-release-windows-x86_64 1.0.0 412.00 477.00 889.00 NOTE
r-oldrel-macos-arm64 1.0.0 352.00 NOTE
r-oldrel-macos-x86_64 1.0.0 579.00 NOTE
r-oldrel-windows-x86_64 1.0.0 530.00 654.00 1184.00 NOTE

Check Details

Version: 1.0.0
Check: package dependencies
Result: NOTE Package suggested but not available for checking: ‘cmdstanr’ Flavors: r-devel-linux-x86_64-debian-clang, r-devel-linux-x86_64-fedora-clang, r-devel-linux-x86_64-fedora-gcc, r-devel-windows-x86_64, r-patched-linux-x86_64, r-release-linux-x86_64, r-release-macos-arm64, r-release-macos-x86_64, r-release-windows-x86_64, r-oldrel-macos-arm64, r-oldrel-macos-x86_64, r-oldrel-windows-x86_64

Version: 1.0.0
Check: for GNU extensions in Makefiles
Result: NOTE GNU make is a SystemRequirements. Flavors: r-devel-linux-x86_64-debian-clang, r-devel-linux-x86_64-fedora-clang, r-devel-linux-x86_64-fedora-gcc, r-devel-windows-x86_64, r-patched-linux-x86_64, r-release-linux-x86_64, r-release-macos-arm64, r-release-macos-x86_64, r-release-windows-x86_64, r-oldrel-macos-arm64, r-oldrel-macos-x86_64, r-oldrel-windows-x86_64

Version: 1.0.0
Check: package dependencies
Result: ERROR Packages required but not available: 'dcm2', 'dplyr', 'loo', 'posterior', 'rstan', 'tibble', 'tidyr' Packages suggested but not available for checking: 'cmdstanr', 'roxygen2', 'testthat' See section ‘The DESCRIPTION file’ in the ‘Writing R Extensions’ manual. Flavor: r-devel-linux-x86_64-debian-gcc

Version: 1.0.0
Check: installed package size
Result: NOTE installed size is 6.5Mb sub-directories of 1Mb or more: libs 5.0Mb Flavors: r-devel-linux-x86_64-fedora-clang, r-devel-windows-x86_64, r-release-macos-arm64, r-release-macos-x86_64, r-release-windows-x86_64, r-oldrel-macos-arm64, r-oldrel-macos-x86_64, r-oldrel-windows-x86_64

Version: 1.0.0
Check: dependencies in R code
Result: NOTE Namespaces in Imports field not imported from: ‘RcppParallel’ ‘rstantools’ All declared Imports should be used. Flavors: r-devel-linux-x86_64-fedora-clang, r-devel-linux-x86_64-fedora-gcc