CRAN Package Check Results for Package mdsOpt

Last updated on 2022-01-22 23:52:15 CET.

Flavor Version Tinstall Tcheck Ttotal Status Flags
r-devel-linux-x86_64-debian-clang 0.5-1 42.61 406.54 449.15 OK
r-devel-linux-x86_64-debian-gcc 0.5-1 29.97 300.47 330.44 OK
r-devel-linux-x86_64-fedora-clang 0.5-1 540.94 OK
r-devel-linux-x86_64-fedora-gcc 0.5-1 516.28 OK
r-devel-windows-x86_64-new-UL 0.5-1 47.00 423.00 470.00 OK
r-devel-windows-x86_64-new-TK 0.5-1 ERROR
r-patched-linux-x86_64 0.5-1 39.62 387.97 427.59 OK
r-release-linux-x86_64 0.5-1 40.97 385.56 426.53 OK
r-release-macos-arm64 0.5-1 OK
r-release-macos-x86_64 0.5-1 OK
r-release-windows-ix86+x86_64 0.5-1 105.00 428.00 533.00 OK
r-oldrel-macos-x86_64 0.5-1 OK
r-oldrel-windows-ix86+x86_64 0.5-1 86.00 458.00 544.00 OK

Check Details

Version: 0.5-1
Check: package dependencies
Result: ERROR
    Packages required but not available: 'smacof', 'symbolicDA'
    
    See section 'The DESCRIPTION file' in the 'Writing R Extensions'
    manual.
Flavor: r-devel-windows-x86_64-new-TK