Last updated on 2023-03-29 00:57:12 CEST.
Flavor | Version | Tinstall | Tcheck | Ttotal | Status | Flags |
---|---|---|---|---|---|---|
r-devel-linux-x86_64-debian-clang | 0.5-3 | 10.02 | 39.77 | 49.79 | NOTE | |
r-devel-linux-x86_64-debian-gcc | 0.5-3 | 8.09 | 31.26 | 39.35 | NOTE | |
r-devel-linux-x86_64-fedora-clang | 0.5-3 | 60.20 | NOTE | |||
r-devel-linux-x86_64-fedora-gcc | 0.5-3 | 58.22 | NOTE | |||
r-devel-windows-x86_64 | 0.5-3 | 42.00 | 0.00 | 42.00 | NOTE | |
r-patched-linux-x86_64 | 0.5-3 | 8.90 | 39.14 | 48.04 | NOTE | |
r-release-linux-x86_64 | 0.5-3 | 7.56 | 38.22 | 45.78 | OK | |
r-release-macos-arm64 | 0.5-3 | 37.00 | OK | |||
r-release-macos-x86_64 | 0.5-3 | 34.00 | OK | |||
r-release-windows-x86_64 | 0.5-3 | 31.00 | 82.00 | 113.00 | OK | |
r-oldrel-macos-arm64 | 0.5-3 | 34.00 | OK | |||
r-oldrel-macos-x86_64 | 0.5-3 | 34.00 | OK | |||
r-oldrel-windows-ix86+x86_64 | 0.5-3 | 26.00 | 76.00 | 102.00 | OK |
Version: 0.5-3
Check: Rd files
Result: NOTE
checkRd: (-1) glass.Rd:23: Escaped LaTeX specials: \_ \_ \_
checkRd: (-1) glass.Rd:24: Escaped LaTeX specials: \_ \_ \_ \_
checkRd: (-1) glass.Rd:25: Escaped LaTeX specials: \_ \_ \_
checkRd: (-1) glass.Rd:26: Escaped LaTeX specials: \_ \_ \_ \_
Flavors: r-devel-linux-x86_64-debian-clang, r-devel-linux-x86_64-debian-gcc, r-devel-linux-x86_64-fedora-clang, r-devel-linux-x86_64-fedora-gcc, r-devel-windows-x86_64, r-patched-linux-x86_64