CRAN Package Check Results for Package mcmcse

Last updated on 2021-12-02 23:51:12 CET.

Flavor Version Tinstall Tcheck Ttotal Status Flags
r-devel-linux-x86_64-debian-clang 1.5-0 137.94 50.11 188.05 OK
r-devel-linux-x86_64-debian-gcc 1.5-0 96.13 38.88 135.01 OK
r-devel-linux-x86_64-fedora-clang 1.5-0 295.18 OK
r-devel-linux-x86_64-fedora-gcc 1.5-0 255.92 OK
r-devel-windows-x86_64-new-UL 1.5-0 179.00 131.00 310.00 OK
r-devel-windows-x86_64-new-TK 1.5-0 OK
r-devel-windows-x86_64-old 1.5-0 171.00 58.00 229.00 OK
r-patched-linux-x86_64 1.5-0 119.94 48.36 168.30 OK
r-patched-solaris-x86 1.5-0 232.00 OK
r-release-linux-x86_64 1.5-0 116.82 48.40 165.22 OK
r-release-macos-arm64 1.5-0 NOTE
r-release-macos-x86_64 1.5-0 OK
r-release-windows-ix86+x86_64 1.5-0 338.00 108.00 446.00 OK
r-oldrel-macos-x86_64 1.5-0 OK
r-oldrel-windows-ix86+x86_64 1.5-0 348.00 106.00 454.00 OK

Check Details

Version: 1.5-0
Check: installed package size
Result: NOTE
     installed size is 5.4Mb
     sub-directories of 1Mb or more:
     libs 5.0Mb
Flavor: r-release-macos-arm64