CRAN Package Check Results for Package mclustcomp

Last updated on 2021-05-15 23:49:19 CEST.

Flavor Version Tinstall Tcheck Ttotal Status Flags
r-devel-linux-x86_64-debian-clang 0.3.1 32.63 31.66 64.29 NOTE
r-devel-linux-x86_64-debian-gcc 0.3.1 20.98 24.09 45.07 NOTE
r-devel-linux-x86_64-fedora-clang 0.3.1 91.31 NOTE
r-devel-linux-x86_64-fedora-gcc 0.3.1 75.02 NOTE
r-devel-windows-ix86+x86_64 0.3.1 76.00 56.00 132.00 NOTE
r-devel-windows-x86_64-gcc10-UCRT 0.3.1 NOTE
r-patched-linux-x86_64 0.3.1 28.16 30.04 58.20 NOTE
r-patched-solaris-x86 0.3.1 86.70 NOTE
r-release-linux-x86_64 0.3.1 26.52 29.56 56.08 OK
r-release-macos-x86_64 0.3.1 OK
r-release-windows-ix86+x86_64 0.3.1 54.00 74.00 128.00 OK
r-oldrel-macos-x86_64 0.3.1 OK
r-oldrel-windows-ix86+x86_64 0.3.1 49.00 62.00 111.00 OK

Check Details

Version: 0.3.1
Check: LazyData
Result: NOTE
     'LazyData' is specified without a 'data' directory
Flavors: r-devel-linux-x86_64-debian-clang, r-devel-linux-x86_64-debian-gcc, r-devel-linux-x86_64-fedora-clang, r-devel-linux-x86_64-fedora-gcc, r-devel-windows-ix86+x86_64, r-devel-windows-x86_64-gcc10-UCRT, r-patched-linux-x86_64, r-patched-solaris-x86