Last updated on 2023-05-29 00:59:38 CEST.
Flavor | Version | Tinstall | Tcheck | Ttotal | Status | Flags |
---|---|---|---|---|---|---|
r-devel-linux-x86_64-debian-clang | 0.2.7 | 31.62 | 123.82 | 155.44 | OK | |
r-devel-linux-x86_64-debian-gcc | 0.2.7 | 21.97 | 91.84 | 113.81 | OK | |
r-devel-linux-x86_64-fedora-clang | 0.2.7 | 195.60 | NOTE | |||
r-devel-linux-x86_64-fedora-gcc | 0.2.7 | 185.41 | OK | |||
r-devel-windows-x86_64 | 0.2.7 | 29.00 | 140.00 | 169.00 | OK | |
r-patched-linux-x86_64 | 0.2.7 | 25.58 | 114.96 | 140.54 | OK | |
r-release-linux-x86_64 | 0.2.7 | 23.90 | 115.13 | 139.03 | OK | |
r-release-macos-arm64 | 0.2.7 | 88.00 | OK | |||
r-release-macos-x86_64 | 0.2.7 | 139.00 | OK | |||
r-release-windows-x86_64 | 0.2.7 | 35.00 | 175.00 | 210.00 | OK | |
r-oldrel-macos-arm64 | 0.2.7 | 82.00 | OK | |||
r-oldrel-macos-x86_64 | 0.2.7 | 87.00 | OK | |||
r-oldrel-windows-x86_64 | 0.2.7 | 34.00 | 175.00 | 209.00 | OK |
Version: 0.2.7
Check: Rd cross-references
Result: NOTE
Undeclared package ‘NLP’ in Rd xrefs
Flavor: r-devel-linux-x86_64-fedora-clang