CRAN Package Check Results for Package mc.heterogeneity

Last updated on 2023-01-27 23:38:02 CET.

Flavor Version Tinstall Tcheck Ttotal Status Flags
r-devel-linux-x86_64-debian-clang 0.1.2 7.25 75.33 82.58 NOTE
r-devel-linux-x86_64-debian-gcc 0.1.2 7.24 57.82 65.06 NOTE
r-devel-linux-x86_64-fedora-clang 0.1.2 102.95 NOTE
r-devel-linux-x86_64-fedora-gcc 0.1.2 115.99 NOTE
r-patched-linux-x86_64 0.1.2 8.02 72.02 80.04 NOTE
r-release-linux-x86_64 0.1.2 7.39 73.57 80.96 NOTE
r-release-macos-arm64 0.1.2 31.00 NOTE
r-release-macos-x86_64 0.1.2 47.00 NOTE
r-release-windows-x86_64 0.1.2 23.00 111.00 134.00 NOTE
r-oldrel-macos-arm64 0.1.2 39.00 NOTE
r-oldrel-macos-x86_64 0.1.2 64.00 NOTE
r-oldrel-windows-ix86+x86_64 0.1.2 19.00 98.00 117.00 NOTE

Check Details

Version: 0.1.2
Check: Rd files
Result: NOTE
    checkRd: (-1) mc.lnOR.Rd:7: Escaped LaTeX specials: \&
Flavors: r-devel-linux-x86_64-debian-clang, r-devel-linux-x86_64-debian-gcc, r-devel-linux-x86_64-fedora-clang, r-devel-linux-x86_64-fedora-gcc

Version: 0.1.2
Check: LazyData
Result: NOTE
     'LazyData' is specified without a 'data' directory
Flavors: r-devel-linux-x86_64-debian-clang, r-devel-linux-x86_64-debian-gcc, r-devel-linux-x86_64-fedora-clang, r-devel-linux-x86_64-fedora-gcc, r-patched-linux-x86_64, r-release-linux-x86_64, r-release-macos-arm64, r-release-macos-x86_64, r-release-windows-x86_64, r-oldrel-macos-arm64, r-oldrel-macos-x86_64, r-oldrel-windows-ix86+x86_64

Version: 0.1.2
Check: dependencies in R code
Result: NOTE
    Namespace in Imports field not imported from: ‘boot.heterogeneity’
     All declared Imports should be used.
Flavors: r-devel-linux-x86_64-fedora-clang, r-devel-linux-x86_64-fedora-gcc, r-release-macos-arm64, r-release-macos-x86_64, r-oldrel-macos-arm64, r-oldrel-macos-x86_64