CRAN Package Check Results for Package matrixprofiler

Last updated on 2021-12-04 23:50:37 CET.

Flavor Version Tinstall Tcheck Ttotal Status Flags
r-devel-linux-x86_64-debian-clang 0.1.7 107.28 45.18 152.46 NOTE
r-devel-linux-x86_64-debian-gcc 0.1.7 86.07 36.28 122.35 NOTE
r-devel-linux-x86_64-fedora-clang 0.1.7 239.97 NOTE
r-devel-linux-x86_64-fedora-gcc 0.1.7 217.28 NOTE
r-devel-windows-x86_64-new-UL 0.1.7 148.00 111.00 259.00 NOTE
r-devel-windows-x86_64-new-TK 0.1.7 NOTE
r-devel-windows-x86_64-old 0.1.7 147.00 54.00 201.00 NOTE
r-patched-linux-x86_64 0.1.7 99.94 36.30 136.24 NOTE
r-release-linux-x86_64 0.1.7 104.82 36.05 140.87 NOTE
r-release-macos-arm64 0.1.7 NOTE
r-release-macos-x86_64 0.1.7 NOTE
r-release-windows-ix86+x86_64 0.1.7 285.00 93.00 378.00 NOTE
r-oldrel-macos-x86_64 0.1.7 NOTE
r-oldrel-windows-ix86+x86_64 0.1.7 280.00 87.00 367.00 NOTE

Check Details

Version: 0.1.7
Check: for GNU extensions in Makefiles
Result: NOTE
    GNU make is a SystemRequirements.
Flavors: r-devel-linux-x86_64-debian-clang, r-devel-linux-x86_64-debian-gcc, r-devel-linux-x86_64-fedora-clang, r-devel-linux-x86_64-fedora-gcc, r-devel-windows-x86_64-new-UL, r-devel-windows-x86_64-new-TK, r-devel-windows-x86_64-old, r-patched-linux-x86_64, r-release-linux-x86_64, r-release-macos-arm64, r-release-macos-x86_64, r-release-windows-ix86+x86_64, r-oldrel-macos-x86_64, r-oldrel-windows-ix86+x86_64

Version: 0.1.7
Check: installed package size
Result: NOTE
     installed size is 7.4Mb
     sub-directories of 1Mb or more:
     libs 7.2Mb
Flavors: r-devel-linux-x86_64-fedora-clang, r-release-macos-arm64, r-release-macos-x86_64, r-oldrel-macos-x86_64