CRAN Package Check Results for Package matrixProfile

Last updated on 2022-01-23 23:50:21 CET.

Flavor Version Tinstall Tcheck Ttotal Status Flags
r-devel-linux-x86_64-debian-clang 0.5.0 1.67 37.26 38.93 NOTE
r-devel-linux-x86_64-debian-gcc 0.5.0 2.16 31.66 33.82 NOTE
r-devel-linux-x86_64-fedora-clang 0.5.0 48.93 NOTE
r-devel-linux-x86_64-fedora-gcc 0.5.0 37.45 NOTE
r-devel-windows-x86_64-new-UL 0.5.0 30.00 55.00 85.00 NOTE
r-devel-windows-x86_64-new-TK 0.5.0 NOTE
r-patched-linux-x86_64 0.5.0 2.81 35.70 38.51 NOTE
r-release-linux-x86_64 0.5.0 2.71 35.31 38.02 NOTE
r-release-macos-arm64 0.5.0 NOTE
r-release-macos-x86_64 0.5.0 NOTE
r-release-windows-ix86+x86_64 0.5.0 6.00 44.00 50.00 NOTE
r-oldrel-macos-x86_64 0.5.0 OK
r-oldrel-windows-ix86+x86_64 0.5.0 7.00 46.00 53.00 OK

Check Details

Version: 0.5.0
Check: LazyData
Result: NOTE
     'LazyData' is specified without a 'data' directory
Flavors: r-devel-linux-x86_64-debian-clang, r-devel-linux-x86_64-debian-gcc, r-devel-linux-x86_64-fedora-clang, r-devel-linux-x86_64-fedora-gcc, r-devel-windows-x86_64-new-UL, r-devel-windows-x86_64-new-TK, r-patched-linux-x86_64, r-release-linux-x86_64, r-release-macos-arm64, r-release-macos-x86_64, r-release-windows-ix86+x86_64