CRAN Package Check Results for Package mathpix

Last updated on 2021-09-24 23:53:53 CEST.

Flavor Version Tinstall Tcheck Ttotal Status Flags
r-devel-linux-x86_64-debian-clang 0.4.0 2.38 26.88 29.26 NOTE
r-devel-linux-x86_64-debian-gcc 0.4.0 1.97 21.14 23.11 NOTE
r-devel-linux-x86_64-fedora-clang 0.4.0 44.92 NOTE
r-devel-linux-x86_64-fedora-gcc 0.4.0 33.56 NOTE
r-devel-windows-x86_64 0.4.0 4.00 36.00 40.00 NOTE
r-devel-windows-x86_64-gcc10-UCRT 0.4.0 NOTE
r-patched-linux-x86_64 0.4.0 2.32 26.02 28.34 NOTE
r-patched-solaris-x86 0.4.0 56.40 NOTE
r-release-linux-x86_64 0.4.0 1.84 26.53 28.37 NOTE
r-release-macos-arm64 0.4.0 NOTE
r-release-macos-x86_64 0.4.0 NOTE
r-release-windows-ix86+x86_64 0.4.0 6.00 34.00 40.00 NOTE
r-oldrel-macos-x86_64 0.4.0 OK
r-oldrel-windows-ix86+x86_64 0.4.0 5.00 33.00 38.00 OK

Check Details

Version: 0.4.0
Check: LazyData
Result: NOTE
     'LazyData' is specified without a 'data' directory
Flavors: r-devel-linux-x86_64-debian-clang, r-devel-linux-x86_64-debian-gcc, r-devel-linux-x86_64-fedora-clang, r-devel-linux-x86_64-fedora-gcc, r-devel-windows-x86_64, r-devel-windows-x86_64-gcc10-UCRT, r-patched-linux-x86_64, r-patched-solaris-x86, r-release-linux-x86_64, r-release-macos-arm64, r-release-macos-x86_64, r-release-windows-ix86+x86_64