CRAN Package Check Results for Package mason

Last updated on 2022-01-26 23:50:23 CET.

Flavor Version Tinstall Tcheck Ttotal Status Flags
r-devel-linux-x86_64-debian-clang 0.3.0 3.92 58.89 62.81 NOTE
r-devel-linux-x86_64-debian-gcc 0.3.0 2.50 45.51 48.01 NOTE
r-devel-linux-x86_64-fedora-clang 0.3.0 75.63 NOTE
r-devel-linux-x86_64-fedora-gcc 0.3.0 63.76 NOTE
r-devel-windows-x86_64-new-UL 0.3.0 28.00 90.00 118.00 NOTE
r-devel-windows-x86_64-new-TK 0.3.0 NOTE
r-patched-linux-x86_64 0.3.0 2.69 55.45 58.14 NOTE
r-release-linux-x86_64 0.3.0 2.28 54.91 57.19 NOTE
r-release-macos-arm64 0.3.0 NOTE
r-release-macos-x86_64 0.3.0 NOTE
r-release-windows-ix86+x86_64 0.3.0 9.00 70.00 79.00 NOTE
r-oldrel-macos-x86_64 0.3.0 OK
r-oldrel-windows-ix86+x86_64 0.3.0 9.00 72.00 81.00 OK

Check Details

Version: 0.3.0
Check: LazyData
Result: NOTE
     'LazyData' is specified without a 'data' directory
Flavors: r-devel-linux-x86_64-debian-clang, r-devel-linux-x86_64-debian-gcc, r-devel-linux-x86_64-fedora-clang, r-devel-linux-x86_64-fedora-gcc, r-devel-windows-x86_64-new-UL, r-devel-windows-x86_64-new-TK, r-patched-linux-x86_64, r-release-linux-x86_64, r-release-macos-arm64, r-release-macos-x86_64, r-release-windows-ix86+x86_64