CRAN Package Check Results for Package marqLevAlg

Last updated on 2024-07-21 00:56:21 CEST.

Flavor Version Tinstall Tcheck Ttotal Status Flags
r-devel-linux-x86_64-debian-clang 2.0.8 5.43 179.23 184.66 NOTE
r-devel-linux-x86_64-debian-gcc 2.0.8 4.15 117.37 121.52 NOTE
r-devel-linux-x86_64-fedora-clang 2.0.8 227.35 NOTE
r-devel-linux-x86_64-fedora-gcc 2.0.8 240.37 NOTE
r-devel-windows-x86_64 2.0.8 8.00 151.00 159.00 NOTE
r-patched-linux-x86_64 2.0.8 5.22 169.03 174.25 NOTE
r-release-linux-x86_64 2.0.8 4.44 165.13 169.57 NOTE
r-release-macos-arm64 2.0.8 63.00 NOTE
r-release-macos-x86_64 2.0.8 100.00 NOTE
r-release-windows-x86_64 2.0.8 8.00 142.00 150.00 NOTE
r-oldrel-macos-arm64 2.0.8 66.00 OK
r-oldrel-macos-x86_64 2.0.8 116.00 OK
r-oldrel-windows-x86_64 2.0.8 10.00 196.00 206.00 OK

Check Details

Version: 2.0.8
Check: Rd files
Result: NOTE checkRd: (-1) marqLevAlg-package.Rd:14: Lost braces; missing escapes or markup? 14 | (GH^{-1}G). | ^ Flavors: r-devel-linux-x86_64-debian-clang, r-devel-linux-x86_64-debian-gcc, r-devel-linux-x86_64-fedora-clang, r-devel-linux-x86_64-fedora-gcc, r-devel-windows-x86_64, r-patched-linux-x86_64, r-release-linux-x86_64, r-release-macos-arm64, r-release-macos-x86_64, r-release-windows-x86_64