CRAN Package Check Results for Package markovchain

Last updated on 2021-09-27 23:50:45 CEST.

Flavor Version Tinstall Tcheck Ttotal Status Flags
r-devel-linux-x86_64-debian-clang 0.8.6 174.35 310.43 484.78 OK
r-devel-linux-x86_64-debian-gcc 0.8.6 124.49 226.17 350.66 OK
r-devel-linux-x86_64-fedora-clang 0.8.6 620.28 NOTE
r-devel-linux-x86_64-fedora-gcc 0.8.6 590.58 OK
r-devel-windows-x86_64 0.8.6 154.00 275.00 429.00 OK
r-devel-windows-x86_64-gcc10-UCRT 0.8.6 OK
r-patched-linux-x86_64 0.8.6 154.58 302.94 457.52 OK
r-patched-solaris-x86 0.8.6 403.30 OK
r-release-linux-x86_64 0.8.6 143.64 307.38 451.02 OK
r-release-macos-arm64 0.8.6 NOTE
r-release-macos-x86_64 0.8.6 NOTE
r-release-windows-ix86+x86_64 0.8.6 398.00 344.00 742.00 OK
r-oldrel-macos-x86_64 0.8.6 NOTE
r-oldrel-windows-ix86+x86_64 0.8.6 287.00 345.00 632.00 OK

Check Details

Version: 0.8.6
Check: installed package size
Result: NOTE
     installed size is 10.2Mb
     sub-directories of 1Mb or more:
     libs 8.5Mb
Flavors: r-devel-linux-x86_64-fedora-clang, r-release-macos-arm64, r-release-macos-x86_64, r-oldrel-macos-x86_64